9 + 57. Suppose 5*v + k = 268, -2*k + g = 3*v - 4*k. What is the greatest common divisor of v and x?
18
Let q = 274 - 230. Calculate the greatest common factor of 4 and q.
4
Suppose s - z + 2*z = 0, 0 = -4*s + 5*z + 45. Suppose 21 = s*w + 2*w. What is the highest common divisor of 3 and w?
3
Suppose i - o - 105 = 0, 2*i + o - 195 = -0*i. Suppose 5*n + 227 = -4*a, 48 = -a + n - 11. Let c = -48 - a. Calculate the highest common factor of c and i.
10
Let f = -50 - 42. Let z = -64 - f. What is the greatest common factor of z and 28?
28
Suppose -4*g = 7*g - 22. Suppose 5*u + z = 3*z + 52, -20 = -g*u + z. Calculate the highest common divisor of u and 132.
12
Suppose -3*f + 329 = -10. Suppose 0 = -2*m + 5*t - 67, 2*m = 6*m - t + 143. Let n = f + m. Calculate the greatest common factor of n and 11.
11
Suppose 5*a = 252*x - 247*x - 375, -3*x = a - 213. What is the highest common factor of x and 552?
24
Let t(h) = 2*h + 43. Let d be t(-11). Calculate the greatest common factor of d and 3.
3
Let d = -548 - -569. Calculate the highest common divisor of 6 and d.
3
Let j = -63 - -29. Let k = 59 + j. Calculate the greatest common divisor of k and 5.
5
Let p be -15*(-3)/(-30)*2*-102. What is the highest common factor of p and 34?
34
Suppose -27*j + 76 = 11*j. What is the greatest common factor of j and 32?
2
Suppose 0 = -2*g + 7*g + 305. Let w = -53 - g. Calculate the highest common divisor of w and 32.
8
Let f be ((-6)/3)/(-6 + (-6136)/(-1027)). What is the highest common factor of f and 3?
1
Suppose -7*l - 1451 + 4538 = 0. Calculate the highest common divisor of l and 126.
63
Suppose 2*s - 3 = -x + 2, -20 = -4*x + 3*s. Let i be 65 - -12*5/(-15). Suppose 4*q + 21 - i = 0. What is the greatest common divisor of q and x?
5
Let n(t) = -16*t**2 - t + 2. Let i be n(1). Let g = i - -110. Suppose 3*p + 19 = 4*p. Calculate the highest common factor of g and p.
19
Let q be 2/(-7) + (-88)/(-14). Let l be 189/q - (-6)/(-4). What is the highest common factor of l and 10?
10
Suppose -104 = 6*p - 572. What is the highest common divisor of p and 18?
6
Suppose h + 4*c + 3 = 13, 4*c + 2 = h. Suppose 0 = h*k - 3*k + 3*u - 321, -3*u + 9 = 0. Calculate the greatest common factor of k and 26.
26
Suppose 3*o + 31*m - 27*m - 43 = 0, -4*o + m + 32 = 0. Calculate the highest common factor of o and 27.
9
Let a(p) = 2*p**2 - 16*p + 134. Let i be a(7). What is the greatest common divisor of 135 and i?
15
Let x = 1267 + -899. What is the greatest common divisor of 80 and x?
16
Let v = -277 + 953. Suppose 4*x - v = 64. Calculate the highest common divisor of x and 74.
37
Let r = -75 + 16. Let n = r - -107. Suppose 5*m + 2*l - 50 = 0, 2*m - l - 6 = l. What is the highest common divisor of m and n?
8
Let u(j) = -8*j - 10. Let m(y) = 12*y + 15. Let a(h) = -5*m(h) - 8*u(h). Let q be a(-5). Let c = 17 + q. What is the greatest common factor of 1 and c?
1
Let a = 87 + -2. Suppose -6*n - p + 79 = -2*n, 0 = 5*n + 4*p - a. Calculate the highest common divisor of n and 35.
7
Let x(q) = 7*q - 5. Let u(a) = a**3 + 2*a**2 + 2*a + 8. Let v be u(0). Let d be x(v). What is the highest common divisor of 102 and d?
51
Let f(s) = 4*s - 60. Suppose 3*h + 3*o - 78 = 0, -o - 2 = -h + 26. Let z be f(h). What is the greatest common divisor of z and 6?
6
Suppose 38*s + 8960 = 108*s. What is the greatest common divisor of 8 and s?
8
Let w(z) = 12*z**2 - 64*z - 12. Let b be w(6). Suppose 2*q + 1 = 5. Suppose 10 + q = p. Calculate the highest common divisor of p and b.
12
Let v be 2/(-2*(-2)/(-4)). Let a be 12/3 + 1 + v. Let g = a + 3. What is the highest common divisor of 15 and g?
3
Let i = -20 + 31. Suppose 2 = -3*z + i. Let w be z/(-2)*(-1 - 5). What is the greatest common factor of w and 1?
1
Suppose -5*o = -5*b + 25, 0 = -5*b - o + 3 + 16. Suppose b*u = -2*h + 35 + 61, -3*u - h = -73. Calculate the highest common divisor of 10 and u.
5
Let j(p) = -p**2 + 6*p + 3. Let y be j(6). Suppose -36 = -2*w + 3*o + 60, y*w - 2*o - 134 = 0. What is the highest common factor of w and 14?
14
Suppose -140 = -4*d - 4*y, -3*y - 35 = -d - 0*y. Let q = 16 + d. Suppose -n + q = 2*n. What is the greatest common divisor of 85 and n?
17
Let t(s) = -s**2 + 7*s + 16. Let g be t(9). Let k be (35/g)/((-11)/22). What is the greatest common divisor of k and 14?
7
Suppose s = d - 5*d + 20, 80 = 4*s + d. What is the highest common divisor of 390 and s?
10
Let h(u) = u**2 - 2*u + 5. Let i be h(0). Let g be (-7936)/(-40) + (-2)/i. What is the highest common factor of g and 18?
18
Let s(m) = 44*m - 99. Let p be s(11). Calculate the highest common factor of 77 and p.
77
Suppose -1731 = -56*i + 6837. Calculate the highest common factor of i and 17.
17
Let k = 89 - 14. Suppose 2*j - k = -29. What is the highest common factor of j and 92?
23
Let s(f) = -7*f**2 + 40. Let w be s(0). Calculate the highest common divisor of 45 and w.
5
Let w be (2 - 0) + (11 - (-1)/1). What is the highest common divisor of w and 154?
14
Suppose -o = o - 120. Let l = -89 + 48. Let n = l + o. What is the highest common divisor of n and 171?
19
Suppose 7*w - 240 = 2*w. Let t(d) = 4*d - 20. Let u be t(13). What is the highest common divisor of u and w?
16
Suppose 6*h - 264 = 17*h. Let i = h + 39. What is the greatest common divisor of 6 and i?
3
Suppose -29*g + 1680 = 13*g. What is the greatest common divisor of 6 and g?
2
Let t(a) = 8*a**2 + 4*a + 4. Let f be t(-1). Let c be 76 - (f/(-10) - (-9)/(-45)). Calculate the greatest common divisor of 11 and c.
11
Let p = 10 + -7. Suppose 3*q = p*c + 2*c + 5, -5*c - 10 = -4*q. Let o = -2 + 4. Calculate the highest common divisor of o and c.
2
Suppose m - 8 = 5. Let k(u) = -14*u - 5. Let b be k(-5). Calculate the highest common divisor of m and b.
13
Let v(m) be the third derivative of m**5/60 - 5*m**4/12 + 7*m**3/6 - 10*m**2. Let c be v(10). What is the greatest common divisor of c and 77?
7
Let l = -199 + 215. Calculate the greatest common factor of l and 28.
4
Let i(g) = -18*g - 58. Let o be i(-11). Calculate the highest common factor of o and 320.
20
Suppose 0*t + 4*v = 3*t - 33, -3*v = 4*t - 44. Suppose -t*k + 4 = -10*k. What is the highest common divisor of 12 and k?
4
Let q be 53 + (-3)/(9/(-6)) - -1. Calculate the greatest common divisor of q and 21.
7
Suppose 15 = 3*v, -8 = 5*q - 4*q - 2*v. Suppose 0*j - q*j = -110. Suppose 0 = b - 10*g + 7*g + 1, 0 = 2*b - 5*g. Calculate the highest common factor of b and j.
5
Let h be -105*-2*1/6. Let f = 533 - 519. Calculate the highest common divisor of h and f.
7
Let k be (8 + (-3)/3)/(-1). Let q = k + 11. Suppose 0 = -q*r - r + 25. What is the greatest common factor of r and 25?
5
Suppose -2*n + 12 = 4*t, -12*t - 5*n - 14 = -13*t. Suppose 2*y + 24 = 4*y. Calculate the highest common divisor of t and y.
4
Let r be 7 - 0 - (-1 - -4). Suppose 842 + 586 = -r*q. Let x = 522 + q. What is the highest common divisor of x and 33?
33
Let j = -2 + 12. Let u = -12 + 7. Let x = j - u. What is the highest common factor of 3 and x?
3
Let u(z) = -z - 5. Let j be u(-7). Suppose -j*q + 5 = -3. Suppose 183 - 63 = q*m. What is the highest common factor of 6 and m?
6
Suppose 3*r + 2043 = -4*t - 0*r, 5*t + 2*r + 2552 = 0. Let n be t/(-40) - (-2)/8. What is the highest common divisor of 39 and n?
13
Let y(p) = p**3 - 10*p**2 - 10*p. Let d be y(11). Let b = d + -1. Let z be (-8)/(-1 + -3) + b. What is the highest common divisor of z and 108?
12
Suppose 4*u - 49 = 7. Let v be (u - (-1 + 2)) + 3. Let y be (-1)/3 + (-14)/(-6). What is the greatest common factor of v and y?
2
Let w be (-4424)/(-42) + 9 - (-4)/6. Calculate the greatest common factor of w and 23.
23
Suppose -i = 2*i - o - 32, -5*o - 6 = -i. Suppose -13*j + i*j = 20. Let v be (-3*2 + 3)*j. Calculate the greatest common divisor of v and 6.
6
Let s = 12 + -13. Let k be s/(-2) - 17/34. Suppose 24 + k = 3*w. What is the highest common divisor of 64 and w?
8
Suppose -5340 = -23*d + 18*d - 3*c, -2*d + 2125 = -c. What is the greatest common divisor of 15 and d?
15
Let y be 128310/2002 - (-1)/(-11). Calculate the greatest common factor of y and 18.
2
Suppose 0 = -18*x + 31 - 13. What is the greatest common factor of 67 and x?
1
Suppose -2*a + 138 = -262. Suppose v = -v + a. Suppose m + m - v = -5*w, -60 = -3*w - 2*m. Calculate the highest common d